ve of d**3/3 - 10*d**2 + 7*d. Let l be j(-14). Let k = l - -109. List the prime factors of k.
61
Let o = -864 - -1980. List the prime factors of o.
2, 3, 31
Suppose -9*m = -12*m + 2775. Suppose 4*j - 9*j = m. Let u = -121 - j. List the prime factors of u.
2
Let f(q) = -849*q**3 + 2*q**2 - 2*q - 4. What are the prime factors of f(-1)?
3, 283
Let i = 214 + 2887. What are the prime factors of i?
7, 443
Let k(i) = -12*i + 34. Let b be k(3). Let s(t) = -96*t**3 - t**2 + t. Let u be s(2). List the prime factors of u/(-49) - b/7.
2
Suppose -2*t + 3*v - 24 = 0, 30 = -3*t - t - 3*v. Let w(f) = -f**2 - 22*f. List the prime factors of w(t).
3, 13
Suppose 4*h - q = -9, -24 = 2*h + 2*h + 4*q. What are the prime factors of 1755/12 - (h/4 - -1)?
2, 73
Let z(p) = p**2 - p + 1. Let s(k) = 5*k**2 + 5*k - 5. Let q(r) = -s(r) - 4*z(r). Let y be q(1). List the prime factors of 210/y*6/(-5).
2, 7
Let x be (-2)/1*45/(-18). Let d = -11 + x. Let m = d - -42. What are the prime factors of m?
2, 3
Let l(p) be the first derivative of -15*p**2/2 - 4*p - 7. Let d be l(4). What are the prime factors of -6 + 4 + d/(-2)?
2, 3, 5
Suppose 2*t - 783 = -0*t + 5*i, 0 = t - 2*i - 390. Suppose t = 4*n - n - 2*s, -2*s = -n + 128. List the prime factors of n.
2
Suppose 0 = -4*m + 2*p - 24, -3*m - 3*p = -2*m + 20. What are the prime factors of (m/(-1))/(6/57)?
2, 19
Let i(h) = 4*h + 5. Let t be i(-20). Let x = 31 - t. List the prime factors of x.
2, 53
Let q(o) = 8*o + 11*o - 16*o + 2. Let j be q(0). Suppose -t + j*l + 10 = 0, 2*l = -t - 2 + 8. List the prime factors of t.
2
Let d(j) = -4*j + j**2 + j + 9 - 4*j. Let p be d(6). Suppose p*z = -12, 2*c + z + 2*z - 138 = 0. List the prime factors of c.
3, 5
Let b(n) = 204*n + 3. Let g be b(2). Suppose -14*u + 17*u = g. What are the prime factors of u?
137
Let n(m) = 57*m**2 + 2*m. Let u be n(-1). What are the prime factors of 704/u*(-15)/(-2)?
2, 3
Let m = 1331 - 916. What are the prime factors of m?
5, 83
Let o(g) = -94*g - 32. What are the prime factors of o(-5)?
2, 3, 73
Let k(c) = c**3 - 6*c**2 + 6*c - 3. Let q(l) = -l**3 - 5*l**2 - 6*l - 3. Let p be q(-4). Let y be k(p). What are the prime factors of (9/((-18)/(-100)))/y?
5
Suppose -4*l + 2*a + 880 = 6*a, 10 = 2*a. Suppose 13 = 4*o - l. List the prime factors of o.
3, 19
Let i(o) = 9*o**2 + o + 133. List the prime factors of i(-16).
3, 269
Suppose 4*y = -13*y - 68. What are the prime factors of (y - -265) + (-1 - 0/(-2))?
2, 5, 13
Suppose -2 = y + 5. Let j = y + 32. What are the prime factors of j?
5
Let l(y) = -3*y - 9. Let c be (3/(-6))/((-1)/(-12)). List the prime factors of l(c).
3
Suppose 0*z = -0*z + 5*z. Suppose z = 4*y + 4*o + o - 515, -5*o - 525 = -4*y. What are the prime factors of y?
2, 5, 13
Suppose -3*d = -6, 4*n - 2*n - 5*d = 1956. List the prime factors of n.
983
Let j(v) = v**2 - 8*v - 88. List the prime factors of j(-7).
17
Let n = -89 - -92. What are the prime factors of (-532)/(n + -5 + 0)?
2, 7, 19
Let l be 0 - ((-20)/(-5) - 44). Let b = l + 12. List the prime factors of b.
2, 13
Suppose 3*w = 2*k - 316, -k + 6*w + 163 = 7*w. Let y = k - 8. What are the prime factors of y?
3, 17
Suppose 4*w = 4*b + 2056, 3*w - 4*b = -210 + 1751. Let n = w - 274. List the prime factors of n.
241
Suppose 2*g = -a + 44, -5*a + 2 + 205 = -3*g. Suppose 2*r = 5*w + 67, 22 = 2*r - 4*w - a. Suppose -4*y + r = -14. What are the prime factors of y?
2, 5
Suppose -5*c - 4*n + 5368 = 0, -3*c - 18*n = -20*n - 3212. List the prime factors of c.
2, 67
Let d(v) = 2*v + 1. Let a be d(-1). Let m(g) = 63 + 26*g**2 + g - 62 + 0*g**2. List the prime factors of m(a).
2, 13
What are the prime factors of 27/15*1442/(-84)*-10?
3, 103
Suppose -3*g + 2517 = 3*b, 3*b = -6 + 3. List the prime factors of g.
2, 3, 5, 7
Suppose -9246 = -14*k + 1492. What are the prime factors of k?
13, 59
Let k = 7944 + -5215. List the prime factors of k.
2729
Let n = -25 - -63. What are the prime factors of (24/(-14))/(n/(-1463))?
2, 3, 11
Suppose -92 = -4*g + 232. Suppose 3*w = -3*u + g, 4*u + 18 = 2. What are the prime factors of w?
31
Suppose 7776 = 28*c + 1252. What are the prime factors of c?
233
Suppose 12 = 2*u + 4. Suppose 2 + 2 = u*l. What are the prime factors of l - ((2 - 7) + 2)?
2
Suppose 4*k - 645 = k. Suppose -125 = -5*i + k. Suppose 4*n - 96 = n + 3*j, -2*n = -j - i. List the prime factors of n.
2, 3
Suppose 12 = 3*j, b + 4*j = 17 + 1. Let z = b + 2. Suppose 2*t = -z + 12. What are the prime factors of t?
2
Suppose -16*r - 480 = -19*r. List the prime factors of r.
2, 5
Let r(f) = -13*f**3 + 4*f**2 + 2*f + 3. List the prime factors of r(-3).
2, 3
What are the prime factors of (3/2)/((-15)/20) - -867?
5, 173
Let a(w) = 3*w**2 + 1. Let n be 19*((-3 - 0) + 2). Let p = 17 + n. List the prime factors of a(p).
13
Suppose 0 = 4*l + 2*u - 9880, -21 = 2*u - 13. What are the prime factors of l?
2, 3, 103
Let b(v) = 8*v - 29. Let l be b(12). Suppose h + 3*w = -0*h + 24, -3*h = 4*w - l. List the prime factors of h.
3, 7
Let f(t) = 17*t**2 - 8*t - 2. Let r(z) = 18*z**2 - 8*z - 1. Let o(v) = 4*f(v) - 3*r(v). What are the prime factors of o(-3)?
5, 29
Suppose -5*f = -3*v - 6, -3 = -2*v + f - 0*f. List the prime factors of ((-14)/v)/((-2 + 0)/42).
2, 7
Let n(q) = -386*q**3 + 4*q**2 - q - 4. What are the prime factors of n(-1)?
3, 43
Let j(m) = 16*m**2 + 17*m + 25. What are the prime factors of j(-4)?
3, 71
Let p be (-8)/(-2) + -4 - -2. Suppose 18 = 5*z - p*i, -3*z = 4*i - 6*i - 10. List the prime factors of z.
2
Suppose 6 = 2*r, 0 = -4*z + 2*r + 77 - 7. Suppose -z = -3*h + w, h - w - 9 = -0*h. List the prime factors of h.
5
Suppose 30 = -z + 32. Let c(w) = -6*w + 3. Let y be c(1). List the prime factors of y/z*(-784)/21.
2, 7
Let s be ((-390)/(-13))/((-1)/(-2)). Let o = s - -14. What are the prime factors of o?
2, 37
Let s be 171/95 - (-1)/5. Let u = 129 + s. List the prime factors of u.
131
Let d = 284 + 3694. What are the prime factors of d?
2, 3, 13, 17
Let r = -1466 - -3900. List the prime factors of r.
2, 1217
What are the prime factors of 24/108 - 5502/(-27)?
2, 3, 17
What are the prime factors of (254 + 46)*16/18*6?
2, 5
List the prime factors of 109 + (-4 - (-55)/11).
2, 5, 11
Let h(d) = d + 244. What are the prime factors of h(-36)?
2, 13
Let l = -148 + 151. Let r(f) = 3 + 4*f**2 - 6*f + 3*f - 5. List the prime factors of r(l).
5
Let n(y) = -19*y + 24. Let j be 4 + -1 + (15/3 - 15). What are the prime factors of n(j)?
157
Suppose -3*q + 4*k = 2*k - 25, -5*q + 42 = -3*k. Let t be q/(-21) + 104/14. Suppose -a + 25 = -t. List the prime factors of a.
2
Let u(p) = 140*p**2 + 25*p - 128. List the prime factors of u(5).
13, 269
Let c(h) = -h**2 + 5*h + 3. Suppose -2*i + 23 = 5*a - i, a + 3*i + 1 = 0. List the prime factors of c(a).
3
Let p(f) = 28*f**2 - 10*f - 34. What are the prime factors of p(-6)?
2, 11, 47
Suppose 0 = 1264*f - 1262*f - 3478. What are the prime factors of f?
37, 47
Suppose -78*m = -46*m - 84000. What are the prime factors of m?
3, 5, 7
Suppose -341*c = -346*c + 2130. What are the prime factors of c?
2, 3, 71
Suppose 26*k + 19470 = 36*k. What are the prime factors of k?
3, 11, 59
What are the prime factors of 1850/6 + (-2)/(-3)?
3, 103
Let c(d) = d**3 - 7*d**2 - 2*d + 16. Let j be c(9). Let a = j + -83. What are the prime factors of a?
7, 11
Suppose -5 = -r + w + 542, -2*r = -3*w - 1098. Suppose -o + 10*x + 269 = 13*x, 2*o + 5*x = r. List the prime factors of o.
2, 71
Let v(y) = -y**2 + 3*y - 5. Let n be v(4). Suppose -2*u + 15 = -5*d - 6*u, 2*u + 7 = -3*d. List the prime factors of (0 - (1 + d))*n.
2, 3
Suppose 4*r + 11612 = 5*q, -q + 1400 = 3*r - 930. List the prime factors of q.
2, 7, 83
Let g = -106 - -29. Let f = 85 + g. What are the prime factors of f?
2
Let s = 67 - -7. Let f = -34 + s. List the prime factors of f.
2, 5
Let y(v) = 52*v**2 + v + 7. Let g(p) = 102*p**2 + p + 14. Let l(b) = -6*g(b) + 13*y(b). List the prime factors of l(-2).
3, 83
Suppose 21 - 44 = -h. Let t = 28 - h. Suppose 30 = -t*g + 170. List the prime factors of g.
2, 7
Let p = 9 + -2. Let k = p + -3. Suppose 2*y + 84 = 4*v - y, 0 = 5*v + k*y - 74. What are the prime factors of v?
2, 3
Suppose 2*k - 2*n = 640, -3*n = 2*n - 10. List the prime factors of k.
2, 7, 23
Let l = 57 - 92. Let x(m) = 7*m**3 + 4*m - 3. Let g be x(2). Let